= -3*v - 3*r, -9522 = v + 4*r - 2422. Let x = v + 12379. Is x a prime number?
False
Suppose -3796*a + 3825*a = 5406847. Is a prime?
False
Suppose 4*s = 5*k - 14, 3*s - 3 = -2*s - 4*k. Suppose -4*m = -3*u - 1, -4*u - 2*m - 19 = u. Is u/(12/(-856)) - s composite?
True
Let f = 116960 - 60102. Is f a composite number?
True
Let k(o) = -o**3 - 5*o**2 + 4*o - 5. Let n be k(0). Let p(z) = -236*z + 34. Is p(n) a composite number?
True
Let q(k) = k**3 + 7*k**2 + 9*k - 11. Let n be q(-5). Let d(o) = -o**3 + 25*o**2 - 7*o - 4. Is d(n) prime?
False
Suppose 0 = -23*a - 283620 + 1030913. Is a composite?
False
Suppose 19*z - 384 + 156 = 0. Is 54/(-9) - (-638 - z/4) a composite number?
True
Suppose -3*p = 3*y + y + 20910, -3*y - 15676 = -p. Let w = y - -7478. Let g = -1311 + w. Is g a prime number?
True
Let x(n) = 8*n**2 + 131*n + 394. Is x(-61) prime?
True
Suppose p - 3*s = -0*s + 42, 2*p - 78 = 3*s. Suppose -11*v + p*v - 250175 = 0. Is v prime?
True
Suppose 0 = 5*u + 3*o + 20, -4*u - 9 = 3*o - 2*o. Let j be -2 - (2 - 3 - u). Let t(r) = 206*r**2 - 2*r - 7. Is t(j) composite?
False
Let u(p) = 4*p**3 + 2*p**2 + 14*p - 6. Let z be u(10). Suppose -13*v + z = -12*v - q, 4*v - 3*q = 17341. Is v composite?
False
Let y = -462 + -4914. Suppose -5*d = -d - 36076. Let n = y + d. Is n a prime number?
True
Let y be ((-10)/5 - -33) + -5. Suppose -5*b = y + 184. Is (-162 - -1)*12/b a composite number?
True
Suppose 2*w - 9 = -2*p + 591, 5*w - 4*p - 1500 = 0. Let j = -112 + w. Suppose 0 = 2*v - 8, m - 4*v = 281 + j. Is m composite?
True
Suppose 3960470 = 26*g - 6358842 - 6266322. Is g a composite number?
False
Let k(j) = -j**3 + j**2 + j. Let i(a) = -2*a**3 + 9*a**2 - 11*a - 1. Let d(r) = -i(r) + k(r). Let h be d(6). Let z(n) = 89*n - 3. Is z(h) a composite number?
True
Let i(p) be the third derivative of 11*p**8/1440 + p**7/504 + p**6/144 + 5*p**5/12 - 24*p**2. Let g(w) be the third derivative of i(w). Is g(-3) composite?
False
Suppose 12*m = 38608 + 98852. Suppose -6*z + 19715 = -m. Is z a composite number?
True
Let r(f) = 9*f + 1. Let b be r(7). Let i = 66 - b. Suppose 2*x - 11162 = -v, 0 = -0*x - 2*x - i*v + 11166. Is x a prime number?
False
Let r = 22 - 32. Suppose 0 = 3*g - 4*x + 4319, x = -g - 2039 + 604. Is g/(-6)*r/(-5) composite?
False
Let i be (-2)/15 + -1582*(-56)/240. Let p = 8086 - i. Is p composite?
False
Suppose -20 = -5*k + 4*g - 9*g, -17 = -3*k - 4*g. Let r be 0 + 2 + (2 - k). Suppose 905 = w + 2*u, -3*u + 7*u - 4531 = -r*w. Is w composite?
False
Suppose -2*n - 2*n + 20 = -q, -5 = -n - 4*q. Suppose 4*b - 2*t - 827 = -b, 0 = -n*b - 2*t + 823. Let u = -80 + b. Is u composite?
True
Let x be (27/(-12))/(((-78)/(-992))/(-13)). Let b be -1*(0 - -2) + 195. Let f = x - b. Is f a prime number?
True
Let i be 7 - -1*(-1 - 1). Let p be (9 - -462) + 8*(-3)/(-6). Suppose -x + 3*t - i*t = -161, -2*t = -3*x + p. Is x prime?
False
Let b = 63 - 77. Is 4132 - (-7)/(-14)*b composite?
False
Let z(q) = -458*q**2 - q - 1. Let y be z(3). Let o = -2729 - y. Is o a prime number?
False
Let t = 399 - 597. Let y = t - -780. Suppose 5*k + 1748 = 3*b + 4*k, y = b - k. Is b composite?
True
Let r(f) = f**2 + 16*f + 62. Let d be r(-7). Is 251/((-6)/(-5 + d)) a prime number?
True
Let y(v) = -v**3 - 2*v**2 + v + 35. Let m be (-4)/(-3) + (-16)/(-6). Suppose -m*f = -g - 4, 0 = -6*g + g + 4*f - 4. Is y(g) a composite number?
True
Let l = 2622 + -12318. Let q = l - -14329. Is q prime?
False
Let k(t) = -823*t - 108. Let v be k(-3). Is 15*v + (-21 - -19) a composite number?
True
Let n = 199 - 988. Let l be 3*73 + (-12 - -13). Let j = l - n. Is j a prime number?
True
Suppose 343*y = 346*y - 102. Suppose -y*o + 49*o = 34365. Is o composite?
True
Let o(q) be the first derivative of 29*q + 8*q + 21 + 8*q**2 - 7*q**2 + 2*q**2. Is o(13) prime?
False
Let w be ((-8)/10)/(8/(-460)). Suppose -g - g = -3*r + w, -r + 4*g = -32. Suppose -r*i = -5*i - 4487. Is i a composite number?
False
Let d be (-6)/30 + ((-63)/(-15) - -1). Let q(c) = 5*c**3 - 3*c**2 - 15. Let h be q(d). Suppose u - 5*i - 114 = 0, i + h = 4*u + 174. Is u prime?
True
Let h = -48 - -66. Let k be 9/h - (-1 + 1353/(-6)). Let s = k - -731. Is s composite?
True
Suppose -560*c + 5699726 = -526*c. Is c composite?
True
Let q(l) = -22*l - 98. Let z be q(-4). Suppose 4*o + 4*k + 36 = 0, -2*o + 4*o + k = -13. Is (z/4)/(-4*o/(-3424)) a prime number?
False
Let j(o) be the third derivative of 0 + 0*o + 18*o**2 - 7/24*o**4 + 1/60*o**5 - 19/6*o**3. Is j(13) a prime number?
True
Let h(y) be the second derivative of 3*y**4/4 + 8*y**3/3 + 71*y**2/2 - 160*y. Is h(-34) a prime number?
True
Suppose h + 2 = -0. Is 2/3 + h + 1118/6 prime?
False
Suppose -1 = -4*l - 2*y + 5, -5*y - 11 = -3*l. Suppose -3958 = -2*s - 3*x, 4*s + l*x = 6661 + 1239. Is s a composite number?
False
Let y be 2/(((-14)/21)/((-10)/(-6))). Let g(k) = 2*k**2 - 2*k - 28. Let v be g(y). Is ((-176)/v)/(842/844 - 1) a composite number?
True
Let r(u) = -u**3 + 18*u**2 + u - 21. Let y be r(18). Is y/(20424/(-4083) + 5) a composite number?
False
Suppose 0 = 549*o - 579*o + 1916430. Is o prime?
False
Let p(o) = -6413*o - 22. Let u be p(-1). Suppose -u - 27341 = -18*s. Is s composite?
True
Suppose -5*u = 37*u + 107783 - 1455941. Is u a composite number?
False
Let s be -3 + 9/3 - 23*-2. Let m = -43 + s. Suppose 5*a + 3527 = m*p + a, -3*a = -5*p + 5860. Is p a composite number?
True
Let b = 31 - 29. Suppose -b + 0 = -j. Suppose -n + 77 = s, j*n + 0 = 6. Is s a composite number?
True
Let l(u) = -170*u + 301. Is l(-5) a composite number?
False
Suppose 0 = -25*c + 211643 + 1336532. Is c prime?
True
Let p be 37 - 4 - (-3 - -5). Suppose -p*a = -26*a - 3765. Is a prime?
False
Let m(d) = -3*d**2 + 45*d + 10. Let n be m(15). Suppose -n = 5*v, g + 802 = 5*g - 3*v. Is g a prime number?
True
Let z = -53 - -59. Let c be (-9)/z + 5114/(-4). Let n = c + 2223. Is n a prime number?
False
Suppose -3*a + 7*k = 10*k - 392031, 5*k + 261319 = 2*a. Suppose -14*u = -78810 - a. Is u a composite number?
True
Let j(d) = 2*d - 50. Let k be j(24). Let c be (0 - 2)/(k + 4) + 3. Suppose c*a = a + 3, 4*s - 4*a = 1944. Is s a prime number?
False
Let u = 40720 - 24769. Suppose -f - 16 = -0*f - 4*o, 4*o - 16 = -3*f. Suppose 14*r - r - u = f. Is r a composite number?
True
Let m(s) = 6*s**3 + 32*s**2 - 33*s + 30. Let x(q) = -7*q**3 - 34*q**2 + 32*q - 30. Let o(f) = -6*m(f) - 5*x(f). Is o(-31) a prime number?
False
Let b(x) = 187*x**3 - 8*x**2 - 8*x - 48. Let c(q) = 185*q**3 - 7*q**2 - 9*q - 47. Let s(w) = 2*b(w) - 3*c(w). Is s(-4) a composite number?
True
Let k be (-18)/30 - 26976/15. Let u = k - -4528. Is u a composite number?
False
Suppose -32*p + 58 = 218. Let j(i) = 368*i**2 - 5*i - 4. Is j(p) a prime number?
True
Suppose -2*h = 3*t + 15862, 5*h + 10508 = -5*t - 15922. Let s = t - -9123. Is s composite?
False
Let j(w) = -w**3 + 5*w**2 + 3*w + 17. Let s be j(6). Let a be 4/((-4)/(-15))*s. Is (1 - 6/10)/(a/(-30075)) composite?
True
Let o be ((-4)/(-3))/((-4)/(-6)) - -33. Let p = 37 - o. Suppose -5*r = -f - 1793, 4*r - p*r = 2*f + 722. Is r a prime number?
False
Let s be ((-4)/(-6))/((-41)/123). Let o(h) = -4422*h - 2. Is o(s) a prime number?
False
Suppose 3*x = -p + 4*x + 1, -x - 1 = -5*p. Let l be (p - (-5 - -4))*1. Is -1 + 3 + l + 152 composite?
True
Let x = -117625 - -311608. Is x prime?
False
Let f(x) = 2*x**3 - 4*x**2 - x + 1. Let b be f(2). Is b + 6 + 402 + 2 composite?
False
Suppose -4 = 2*p, -5*x - 3*p = -6*p - 11. Let v be (-1)/((2/6 - x)/4). Suppose 5*m + 5*n = v*n + 2232, 4*m - 1773 = 5*n. Is m a composite number?
True
Is -6*(30/(-72) + (-2)/8) - -51625 a composite number?
True
Suppose 5*g = 3*z + 46070, -z + g - 22907 = -7549. Let k = 21967 + z. Is k prime?
True
Suppose 5 = -3*k - 2*k - 5*w, 4*k = 4*w + 12. Suppose -2*a + 3640 = a - g, g = -k. Is a composite?
False
Suppose -4*s - 2909 = g - 2*g, -2*g = -2*s - 1462. Let a = s - -1813. Is a composite?
False
Let b(f) = -2945*f + 65. Let m be b(-4). Let g = -6306 + m. Is g prime?
False
Suppose -463450 = -5*w - 5*s, 31*w - 34*w + 3*s = -278052. Is w composite?
True
Suppose -f + 7 = 5*t - 13, 0 = -2*t - 2*f. Let j(u) = 484*u + 33. Is j(t) a composite number?
True
Let x be 193*(-5)/(10/2)*-1. Is (5 - 9 - -2) + x prime?
True
Let a be 3/9*(-52192 - -13). Let s = 30498 + a. Is s composi